{"id":132,"date":"2020-11-19T09:36:44","date_gmt":"2020-11-19T08:36:44","guid":{"rendered":"http:\/\/flohzirkus.medema.me\/?page_id=132"},"modified":"2020-11-19T09:36:44","modified_gmt":"2020-11-19T08:36:44","slug":"foerderverein","status":"publish","type":"page","link":"https:\/\/www.kindergarten-flohzirkus.de\/index.php\/foerderverein\/","title":{"rendered":"F\u00f6rderverein"},"content":{"rendered":"<p>F\u00f6rderverein Freunde und F\u00f6rderer des Kindergarten Flohzirkus W\u00f6lferlingen e.V.<\/p>\n<p>WIR SIND<\/p>\n<p><span style=\"font-size: 12pt;\">Freunde und Eltern des Kindergarten Flohzirkus W\u00f6lferlingen, die gemeinsam das Interesse haben, unseren Kindergarten bei der Arbeit zu unterst\u00fctzen, damit unsere Kinder noch mehr Freude am Spielen und Erfolg beim Lernen haben.<\/span><\/p>\n<p>&nbsp;<\/p>\n<p style=\"padding-left: 400px;\">WIR M\u00d6CHTEN<\/p>\n<p style=\"padding-left: 400px;\"><span style=\"font-size: 12pt;\">schnell und unb\u00fcrokratisch helfen und handeln.<\/span><\/p>\n<p>&nbsp;<\/p>\n<p>WIR HOFFEN<\/p>\n<p><span style=\"font-size: 12pt;\">auf zahlreiche Mitglieder und F\u00f6rderer, die auch mit Ihren Beitr\u00e4gen und Spenden, aber auch mit ihrer Arbeit und Ideeen unser Tun unterst\u00fctzen.<\/span><\/p>\n<p>&nbsp;<\/p>\n<p style=\"padding-left: 400px;\">WIR W\u00dcNSCHEN<\/p>\n<p style=\"padding-left: 400px;\"><span style=\"font-size: 12pt;\">uns kreative und tatkr\u00e4ftige Unterst\u00fctzung von Ihen; wir werden immer ein offenes Ohr f\u00fcr Ideen und Anregungen haben.<\/span><\/p>\n<p>&nbsp;<\/p>\n<p>UNTERSTUTZEN SIE<\/p>\n<p><span style=\"font-size: 12pt;\">uns und werden Sie Mitglied in unserem Verein. Bitte f\u00fcllen Sie die <a href=\"https:\/\/www.kindergarten-flohzirkus.de\/wp-content\/uploads\/2020\/11\/Beitrittserklarung.pdf\" target=\"_blank\" rel=\"noopener noreferrer\">Beitrittserkl\u00e4rung <\/a>aus und geben Sie sie im Kindergarten ab.<\/span><\/p>\n<p>&nbsp;<\/p>\n<p>Im \u00dcbrigen freuen wir uns, wenn Sie uns \u00fcber die aktive Kindergartenzeit treu bleiben, und unsere Arbeit weiterhin unterst\u00fctzen.<\/p>\n<p>&nbsp;<\/p>\n","protected":false},"excerpt":{"rendered":"<p>F\u00f6rderverein Freunde und F\u00f6rderer des Kindergarten Flohzirkus W\u00f6lferlingen e.V. WIR SIND Freunde und Eltern des Kindergarten Flohzirkus W\u00f6lferlingen, die gemeinsam &hellip; <a href=\"https:\/\/www.kindergarten-flohzirkus.de\/index.php\/foerderverein\/\" class=\"more-link\"><span class=\"more-button\">Continue Reading<span class=\"screen-reader-text\">F\u00f6rderverein<\/span><\/span><\/a><\/p>\n","protected":false},"author":1,"featured_media":0,"parent":0,"menu_order":0,"comment_status":"closed","ping_status":"closed","template":"","meta":{"ngg_post_thumbnail":0,"footnotes":""},"class_list":["post-132","page","type-page","status-publish","hentry"],"_links":{"self":[{"href":"https:\/\/www.kindergarten-flohzirkus.de\/index.php\/wp-json\/wp\/v2\/pages\/132","targetHints":{"allow":["GET"]}}],"collection":[{"href":"https:\/\/www.kindergarten-flohzirkus.de\/index.php\/wp-json\/wp\/v2\/pages"}],"about":[{"href":"https:\/\/www.kindergarten-flohzirkus.de\/index.php\/wp-json\/wp\/v2\/types\/page"}],"author":[{"embeddable":true,"href":"https:\/\/www.kindergarten-flohzirkus.de\/index.php\/wp-json\/wp\/v2\/users\/1"}],"replies":[{"embeddable":true,"href":"https:\/\/www.kindergarten-flohzirkus.de\/index.php\/wp-json\/wp\/v2\/comments?post=132"}],"version-history":[{"count":0,"href":"https:\/\/www.kindergarten-flohzirkus.de\/index.php\/wp-json\/wp\/v2\/pages\/132\/revisions"}],"wp:attachment":[{"href":"https:\/\/www.kindergarten-flohzirkus.de\/index.php\/wp-json\/wp\/v2\/media?parent=132"}],"curies":[{"name":"wp","href":"https:\/\/api.w.org\/{rel}","templated":true}]}}